1?
3
What is the tens digit of 834?
3
What is the hundreds digit of 24925?
9
What is the tens digit of 9107?
0
What is the thousands digit of 4276?
4
What is the ten thousands digit of 10329?
1
What is the units digit of 10462?
2
What is the ten thousands digit of 22518?
2
What is the thousands digit of 110802?
0
What is the hundreds digit of 307?
3
What is the thousands digit of 26069?
6
What is the hundreds digit of 3747?
7
What is the units digit of 3427?
7
What is the hundreds digit of 1690?
6
What is the thousands digit of 2089?
2
What is the tens digit of 573?
7
What is the thousands digit of 8652?
8
What is the tens digit of 1908?
0
What is the ten thousands digit of 18979?
1
What is the tens digit of 88434?
3
What is the thousands digit of 1628?
1
What is the thousands digit of 2109?
2
What is the thousands digit of 17730?
7
What is the tens digit of 69995?
9
What is the thousands digit of 10327?
0
What is the tens digit of 47015?
1
What is the units digit of 179?
9
What is the units digit of 328?
8
What is the ten thousands digit of 34709?
3
What is the thousands digit of 17800?
7
What is the ten thousands digit of 11664?
1
What is the tens digit of 7283?
8
What is the units digit of 1921?
1
What is the tens digit of 2093?
9
What is the tens digit of 48901?
0
What is the tens digit of 930?
3
What is the hundreds digit of 575?
5
What is the hundreds digit of 296?
2
What is the units digit of 5996?
6
What is the ten thousands digit of 19953?
1
What is the thousands digit of 3313?
3
What is the units digit of 732?
2
What is the tens digit of 36096?
9
What is the units digit of 570?
0
What is the units digit of 2486?
6
What is the hundreds digit of 18841?
8
What is the hundreds digit of 2306?
3
What is the hundreds digit of 4884?
8
What is the thousands digit of 19896?
9
What is the hundreds digit of 18048?
0
What is the tens digit of 46?
4
What is the thousands digit of 3357?
3
What is the tens digit of 66446?
4
What is the tens digit of 64573?
7
What is the thousands digit of 26792?
6
What is the tens digit of 1376?
7
What is the tens digit of 1195?
9
What is the thousands digit of 2286?
2
What is the hundreds digit of 5117?
1
What is the tens digit of 7496?
9
What is the hundreds digit of 42804?
8
What is the units digit of 29632?
2
What is the tens digit of 129110?
1
What is the hundreds digit of 3573?
5
What is the tens digit of 7096?
9
What is the hundreds digit of 3915?
9
What is the units digit of 12475?
5
What is the units digit of 21373?
3
What is the tens digit of 2696?
9
What is the hundreds digit of 316?
3
What is the ten thousands digit of 163555?
6
What is the hundreds digit of 14088?
0
What is the ten thousands digit of 84875?
8
What is the tens digit of 1698?
9
What is the tens digit of 424?
2
What is the hundreds digit of 20741?
7
What is the ten thousands digit of 11862?
1
What is the thousands digit of 4293?
4
What is the thousands digit of 1032?
1
What is the thousands digit of 20550?
0
What is the units digit of 2024?
4
What is the tens digit of 39341?
4
What is the ten thousands digit of 25919?
2
What is the tens digit of 5960?
6
What is the tens digit of 4702?
0
What is the thousands digit of 124769?
4
What is the hundreds digit of 12820?
8
What is the ten thousands digit of 41855?
4
What is the thousands digit of 21744?
1
What is the thousands digit of 1839?
1
What is the hundreds digit of 399?
3
What is the thousands digit of 33171?
3
What is the tens digit of 6331?
3
What is the thousands digit of 30785?
0
What is the hundreds digit of 2583?
5
What is the thousands digit of 2707?
2
What is the units digit of 6423?
3
What is the hundreds digit of 14103?
1
What is the tens digit of 21750?
5
What is the hundreds digit of 193?
1
What is the thousands digit of 17660?
7
What is the units digit of 834?
4
What is the thousands digit of 1962?
1
What is the tens digit of 429?
2
What is the units digit of 1209?
9
What is the ten thousands digit of 45279?
4
What is the tens digit of 4268?
6
What is the units digit of 367?
7
What is the units digit of 10575?
5
What is the units digit of 609?
9
What is the tens digit of 3022?
2
What is the units digit of 24240?
0
What is the tens digit of 20381?
8
What is the hundreds digit of 20501?
5
What is the thousands digit of 10622?
0
What is the hundreds digit of 25041?
0
What is the hundreds digit of 2142?
1
What is the hundreds digit of 15154?
1
What is the hundreds digit of 6210?
2
What is the ten thousands digit of 23970?
2
What is the thousands digit of 3496?
3
What is the hundreds digit of 1437?
4
What is the units digit of 3941?
1
What is the tens digit of 8408?
0
What is the thousands digit of 42404?
2
What is the tens digit of 1394?
9
What is the ten thousands digit of 26363?
2
What is the thousands digit of 60334?
0
What is the thousands digit of 41483?
1
What is the ten thousands digit of 30607?
3
What is the units digit of 24571?
1
What is the units digit of 15021?
1
What is the units digit of 850?
0
What is the hundreds digit of 43030?
0
What is the tens digit of 48214?
1
What is the thousands digit of 60539?
0
What is the ten thousands digit of 87392?
8
What is the ten thousands digit of 73091?
7
What is the units digit of 4844?
4
What is the units digit of 18184?
4
What is the thousands digit of 2380?
2
What is the tens digit of 2489?
8
What is the tens digit of 18825?
2
What is the thousands digit of 1047?
1
What is the tens digit of 1903?
0
What is the hundreds digit of 27460?
4
What is the thousands digit of 1269?
1
What is the units digit of 18095?
5
What is the thousands digit of 19774?
9
What is the units digit of 29415?
5
What is the tens digit of 50181?
8
What is the hundreds digit of 2737?
7
What is the tens digit of 2840?
4
What is the hundreds digit of 1717?
7
What is the tens digit of 352?
5
What is the hundreds digit of 720?
7
What is the tens digit of 9223?
2
What is the thousands digit of 20452?
0
What is the units digit of 844?
4
What is the tens digit of 8316?
1
What is the hundreds digit of 287?
2
What is the units digit of 2506?
6
What is the units digit of 6435?
5
What is the tens digit of 120265?
6
What is the hundreds digit of 12661?
6
What is the units digit of 22630?
0
What is the units digit of 49?
9
What is the ten thousands digit of 25039?
2
What is the units digit of 328?
8
What is the units digit of 1642?
2
What is the units digit of 18248?
8
What is the tens digit of 816?
1
What is the thousands digit of 75565?
5
What is the thousands digit of 7536?
7
What is the thousands digit of 10287?
0
What is the hundreds digit of 787?
7
What is the thousands digit of 81908?
1
What is the units digit of 4708?
8
What is the hundreds digit of 4006?
0
What is the thousands digit of 2998?
2
What is the ten thousands digit of 65523?
6
What is the hundreds digit of 4039?
0
What is the units digit of 3862?
2
What is the units digit of 50504?
4
What is the ten thousands digit of 31625?
3
What is the hundreds digit of 6190?
1
What is the units digit of 831?
1
What is the units digit of 6961?
1
What is the units digit of 700?
0
What is the units digit of 1533?
3
What is the tens digit of 3794?
9
What is the hundreds digit of 86839?
8
What is the units digit of 3107?
7
What is the thousands digit of 5833?
5
What is the hundreds digit of 11871?
8
What is the ten thousands digit of 20928?
2
What is the units digit of 3019?
9
What is the hundreds digit of 12048?
0
What is the ten thousands digit of 10093?
1
What is the tens digit of 518?
1
What is the hundreds digit of 9394?
3
What is the units digit of 7140?
0
What is the tens digit of 1785?
8
What is the tens digit of 16380?
8
What is the thousands digit of 50831?
0
What is the ten thousands digit of 129931?
2
What is the hundreds digit of 659?
6
What is the tens digit of 8638?
3
What is the tens digit of 49?
4
What is the tens digit of 3701?
0
What is the units digit of 3843?
3
What is the hundreds digit of 1098?
0
What is the thousands digit of 9762?
9
What is the tens digit of 537?
3
What is the thousands digit of 4017?
4
What is the units digit of 6244?
4
What is the tens digit of 35892?
9
What is the tens digit of 145?
4
What is the hundreds digit of 138052?
0
What is the ten thousands digit of 36225?
3